2 - 31*m - 87. Let v be f(-25). Suppose -2*n - 9 - 29 = 0. Let t = n + v. What is the units digit of t?
4
Suppose 4*u = -2*f + 5*u + 836, -3*u - 12 = 0. Suppose 0 = -4*j - 0*j + f. What is the tens digit of j?
0
Let f = 444 + 266. What is the units digit of f?
0
Suppose -5*j = -0*j - 40. Let o be 2/j + (-21)/(-12). Suppose 14 = 2*n + a, -1 - 17 = -o*n - 3*a. What is the units digit of n?
6
Let b(z) = -2*z**3 + 25*z**2 + 16*z + 8. What is the units digit of b(13)?
7
Let o be (-14)/35*(0 - 5). Suppose -o*p = -3*h - 3*p - 17, 5*h - 5*p - 5 = 0. What is the tens digit of h/(-30) - (-343)/15?
2
Suppose 0 = -j - 3*b + 182, j - b + 0*b - 202 = 0. Let n = j + -57. What is the units digit of n?
0
Let w = 23 - 21. Suppose -105 = -m - w*m. What is the units digit of m?
5
Suppose 169*u - 166*u - 318 = 0. What is the units digit of u?
6
Let u(w) = 29*w**2 + 5*w. Let l be u(-2). Let i = l + -84. What is the tens digit of i?
2
Let a = 1391 + -833. What is the units digit of a?
8
Let u(y) be the second derivative of y**5/20 - 5*y**4/12 + 5*y**3/3 - y**2/2 + 44*y. What is the tens digit of u(6)?
9
Let k(g) = 37*g - 40. Let o be k(10). Suppose -4*u = -10*u + o. What is the tens digit of u?
5
Let j be (-2)/(-12) + 1702/12. Let d(i) = 96*i**2 + 2*i - 1. Let o be d(1). Let g = j - o. What is the units digit of g?
5
Let x = 66 - 115. Let b(f) = 8*f + 5. Let z be b(-4). Let g = z - x. What is the tens digit of g?
2
What is the hundreds digit of 1/(-9) + (-44235)/(-81)?
5
Suppose -v + 3*v - 3*g - 9 = 0, -3*v + g + 3 = 0. Suppose -2*b + 5*d + 54 = 0, v*d + 5 = b + 3*d. Let w = -9 + b. What is the units digit of w?
8
Suppose 0 = -6*v + 479 + 55. What is the tens digit of v?
8
Suppose 130 = y - 114. What is the tens digit of y?
4
Let n = 0 - 0. Suppose -2*l + 15 = 3*l, 4*l = -3*c + 18. Suppose -h - c*h + 30 = n. What is the tens digit of h?
1
Let y be (1/3)/(8/(-24)). What is the units digit of ((-6)/3)/y - -65?
7
Let i be -2*(-4 - 12/(-8)). Suppose 1 = 2*m + i. What is the tens digit of (-4 - -5)/(m/(-24))?
1
Suppose 13*o - 4*o = -54. Let u(q) = -8*q + 17. What is the units digit of u(o)?
5
Let u(l) = -12*l + 186. What is the tens digit of u(-21)?
3
Let h be 7/49 - (-1)/(-7). Suppose -161 + 23 = -5*u - 3*z, 5*u - 4*z - 131 = h. Suppose -u = -2*x - 23. What is the units digit of x?
2
Let z = -2403 + 4917. What is the tens digit of z?
1
Let l = 401 + 92. What is the hundreds digit of l?
4
Let j = 2032 + -863. What is the units digit of j?
9
Let s(l) = 589*l + 28. What is the tens digit of s(9)?
2
Let y be ((-1110)/(-50))/((-1)/(-5)). Suppose 0 = 11*k - 8*k - y. What is the tens digit of k?
3
Let z(n) = 2*n + 10. Let d be z(-7). Let t be -4 + d/(-8)*-118. What is the units digit of -7*9*6/t?
6
Let o = -265 - -406. Suppose 5*c + 3*t + 172 = 0, 0*c = -4*c + t - o. What is the units digit of 14/c + 94/10?
9
Let y be 22*(30/4)/(-3). What is the units digit of (y/(-22))/((-1)/(-66))?
5
What is the units digit of (3405/45)/(1/(4 - -5))?
1
Let j(i) = -i**3 - 16*i**2 + 9. Let u be j(-16). What is the units digit of -3*(4 + (-357)/u)?
7
Let r(h) = -27*h - 1. Let k be 65/(-30) + (-2)/(-12). What is the units digit of r(k)?
3
Suppose -33 = 5*n - 133. Suppose -6*u - 2534 = -n*u. What is the units digit of u?
1
Suppose 10*s = 6*s + 2*x + 1186, -2*x - 304 = -s. What is the tens digit of s?
9
Suppose 0 = -4*r + 3780 - 960. What is the units digit of r?
5
Suppose 12 = 2*g - 3*g - 4*v, -8 = 2*g + 4*v. Suppose -g*c - 12 = 0, 0 = -3*r - r + 5*c + 647. What is the tens digit of r?
5
Suppose 344 - 1444 = -10*n. What is the tens digit of n?
1
Let v = -69 + 418. Let g = v - 212. What is the tens digit of g?
3
Let x(g) = 1 - 2 - 4*g**2 + 11*g**2. What is the tens digit of x(3)?
6
What is the units digit of 11/(55/5750)*4/10?
0
Suppose -4*g = 3*p - 862 - 47, -2*g - 4*p = -442. What is the tens digit of g?
3
Let j be (-685)/(-20) - 3/12. Suppose 2*n - 3*l = -2*n + 102, 0 = n - 5*l - j. What is the tens digit of n?
2
What is the thousands digit of (18/(-27))/(6/(-9927))?
1
What is the tens digit of 4/(-22) - (-43416)/297?
4
Let d(l) = -13*l**3 - 3*l**2 + 20*l - 3. What is the hundreds digit of d(-5)?
4
Let l = 100 + -124. What is the tens digit of (42/l + -6)/(1/(-12))?
9
Let m(d) = d**3 - d**2 + 1. Let q be m(4). Suppose 2*n + n = -4*t + q, -5*n = -15. What is the units digit of (13*2)/(t/15)?
9
Suppose -3*o - 48 = j + 2*j, 3*j - o + 40 = 0. What is the units digit of (j/(-3))/((-22)/(-363))?
7
Let m = -789 - -1460. What is the tens digit of m?
7
Let u be 16 + -2 + -3*1. Suppose 6*m = u*m - 300. Let b = 103 - m. What is the units digit of b?
3
What is the tens digit of 6/(-11) - (-28959)/33?
7
Let q be (-2)/(-7) + (-104)/(-28). Suppose -q*b + 196 = -36. What is the units digit of b?
8
Let l(i) = 4 - 3 + 0*i**2 + i + 3*i**2. Let u be l(-1). Suppose -50 = -4*c - c + u*d, 0 = -4*d + 20. What is the tens digit of c?
1
Suppose 4*o + 2*w - 288 = -2*w, 0 = -5*o + 3*w + 400. Suppose -5*y + f + o = 3*f, 1 = f. What is the units digit of y?
5
Let q = -2195 - -6883. What is the tens digit of q?
8
Suppose 0 = -p + 3 + 1. Suppose -2*b + p*r - 18 = -174, 2*b + 5*r = 156. What is the tens digit of b?
7
Let j = -71 + 31. Let o = j + 48. What is the units digit of o?
8
Let b(u) = -u**3 - 8*u**2 + 36*u - 34. What is the units digit of b(-12)?
0
Let t = 455 - 656. Let b = 325 + t. What is the units digit of b?
4
Suppose -4*u - 9*k + 10252 = -5*k, -4*u + 4*k + 10244 = 0. What is the tens digit of u?
6
Let k = -429 + 957. What is the units digit of k?
8
Let q = 3 + 4. Let u(v) = -v**3 + 8*v**2 - 7*v. Let w be u(q). Suppose -r + w*r - g = -4, 3*r = -4*g + 13. What is the units digit of r?
3
Suppose 2*b - 36 = -b. Let q(u) = -u**2 + 17*u - 3. What is the units digit of q(b)?
7
Suppose -4 = -2*f - 5*x, -x - 8 = -4*f - 5*x. Suppose -u = -f*u + 8. Suppose -n = -10 - u. What is the tens digit of n?
1
Let l(b) = -b**3 - 4*b**2 + 14*b - 19. What is the units digit of l(-16)?
9
Suppose -89 - 175 = 4*s. Let y = 117 + s. What is the tens digit of y?
5
Let i(x) = -17*x**3 + 2*x**2 + x + 5. What is the units digit of i(-2)?
7
Let j(n) be the third derivative of -n**5/60 - 7*n**4/12 + 3*n**2. Let y be j(-14). Suppose -5*u + y*u + 105 = 0. What is the tens digit of u?
2
Suppose -6*v + 6 = -4*v. Suppose -184 = -v*o + 239. What is the tens digit of o?
4
Let a be ((-4)/4 - -1) + -104. Let m = -59 - a. Suppose 0 = -10*t + 5*t + m. What is the units digit of t?
9
Suppose -3*j = j + 3*y - 1545, 0 = 5*j + y - 1945. Suppose -j = -c - 4*c. Suppose 0 = 5*s - 263 + c. What is the units digit of s?
7
Suppose -p - 4 = -3*a + 16, 0 = 2*p - 4*a + 36. Let b be 4/p + 69/21. Suppose w = -b*w + 44. What is the units digit of w?
1
Let z be (98/(-6) - (-2)/6)*1. Let m(a) = a**2 + 10*a + 2. What is the tens digit of m(z)?
9
Suppose 4*x - 2*x - 8 = 0. Suppose x*f - 5*f + 39 = 0. What is the tens digit of f?
3
Let h be (-44)/(-10) + 2/(-5). Let a = h - 8. Let j = 4 - a. What is the units digit of j?
8
Suppose -5*o + 4651 = 2*g, 5*g - 9622 = -4*o + 2048. What is the thousands digit of g?
2
Let q = 2535 + -1426. Suppose 5*j - 4*j + 1104 = 5*z, 5*z + 4*j - q = 0. What is the tens digit of z?
2
Let c(r) = r**3 + 16*r**2 - 10*r - 40. What is the hundreds digit of c(-14)?
4
Suppose -4 = -p - 0, p = -4*m - 224. Let z = m - -137. What is the tens digit of z?
8
Suppose -k - 2*f + 6*f = -4977, -14944 = -3*k - f. What is the hundreds digit of k?
9
Suppose 3*x - 54 = -6. Let y = 23 - x. What is the units digit of (10/6)/(y/21)?
5
Let s = 135 - 119. Let f(w) = w**3 - 15*w**2 - 3*w - 13. What is the tens digit of f(s)?
9
Suppose 4*w - m = 2513, 5*w = 3*w + m + 1259. What is the tens digit of w?
2
Suppose 4*g + 3*u - 884 - 472 = 0, -1356 = -4*g + u. What is the units digit of g?
9
Suppose m = n + 542, 4*n = -3*m - 2*m + 2728. Suppose 0 = 5*f - m + 89. What is the tens digit of f?
9
Let l(n) = 5*n**2 - 6*n + 34. What is the tens digit of l(11)?
7
Suppose -22*t + 21*t = -2. Suppose 7*v - t*v + 10 = 0. What is the tens digit of ((-20)/25)/(v/115)?
4
Let n(c) = -13*c**3 + c**2 + 8*c - 4. What is the units digit of n(-5)?
6
Let j(b) = -b**3 + 3*b**2 - 5*b + 3. Let y be j(2). Let c be (-70)/(-15) + y/(-9). Suppose 0 = -c*g - 5, -z + 19 = -5*g - 53. What is the units digit